{"id":878,"date":"2025-03-14T00:29:59","date_gmt":"2025-03-13T23:29:59","guid":{"rendered":"https:\/\/www.nanai.living\/?page_id=878"},"modified":"2025-04-16T00:42:09","modified_gmt":"2025-04-15T22:42:09","slug":"proyectos","status":"publish","type":"page","link":"https:\/\/www.nanai.living\/index.php\/proyectos\/","title":{"rendered":"Proyectos"},"content":{"rendered":"\n<style type=\"text\/css\" data-created_by=\"avia_inline_auto\" id=\"style-css-av-145nae-651eae05fb78bdd4dd273144f78011ac\">\n.avia-section.av-145nae-651eae05fb78bdd4dd273144f78011ac{\nbackground-repeat:no-repeat;\nbackground-image:url(https:\/\/www.nanai.living\/wp-content\/uploads\/2018\/05\/hero-blurred.jpg);\nbackground-position:50% 50%;\nbackground-attachment:scroll;\n}\n.avia-section.av-145nae-651eae05fb78bdd4dd273144f78011ac .av-section-color-overlay{\nopacity:0.6;\nbackground-color:#084a79;\n}\n<\/style>\n<div id='av_section_1'  class='avia-section av-145nae-651eae05fb78bdd4dd273144f78011ac main_color avia-section-default avia-no-border-styling  avia-builder-el-0  el_before_av_section  avia-builder-el-first  avia-full-stretch avia-bg-style-scroll av-section-color-overlay-active av-minimum-height av-minimum-height-custom av-height-custom  container_wrap fullsize'  data-section-bg-repeat='stretch' data-av_minimum_height_px='230'><div class=\"av-section-color-overlay-wrap\"><div class=\"av-section-color-overlay\"><\/div><div class='container av-section-cont-open' style='height:230px'><main  role=\"main\" itemprop=\"mainContentOfPage\"  class='template-page content  av-content-full alpha units'><div class='post-entry post-entry-type-page post-entry-878'><div class='entry-content-wrapper clearfix'>\n\n<style type=\"text\/css\" data-created_by=\"avia_inline_auto\" id=\"style-css-av-jgf3pjem-ee2a691ebc0a9a100bc99d372a9c72ca\">\n#top .flex_column.av-jgf3pjem-ee2a691ebc0a9a100bc99d372a9c72ca{\nmargin-top:0px;\nmargin-bottom:0px;\n}\n.flex_column.av-jgf3pjem-ee2a691ebc0a9a100bc99d372a9c72ca{\nborder-radius:0px 0px 0px 0px;\npadding:0px 0px 0px 0px;\n}\n.responsive #top #wrap_all .flex_column.av-jgf3pjem-ee2a691ebc0a9a100bc99d372a9c72ca{\nmargin-top:0px;\nmargin-bottom:0px;\n}\n<\/style>\n<div  class='flex_column av-jgf3pjem-ee2a691ebc0a9a100bc99d372a9c72ca av_one_full  avia-builder-el-1  avia-builder-el-no-sibling  first flex_column_div av-animated-generic left-to-right av-zero-column-padding  '     ><style type=\"text\/css\" data-created_by=\"avia_inline_auto\" id=\"style-css-av-jgs0mnr3-88e9c7a041321488e7b00dc7471a3182\">\n#top .av-special-heading.av-jgs0mnr3-88e9c7a041321488e7b00dc7471a3182{\nmargin:0 0 0 0;\npadding-bottom:0;\ncolor:#ffffff;\nfont-size:4vw;\n}\nbody .av-special-heading.av-jgs0mnr3-88e9c7a041321488e7b00dc7471a3182 .av-special-heading-tag .heading-char{\nfont-size:25px;\n}\n#top #wrap_all .av-special-heading.av-jgs0mnr3-88e9c7a041321488e7b00dc7471a3182 .av-special-heading-tag{\nfont-size:4vw;\n}\n.av-special-heading.av-jgs0mnr3-88e9c7a041321488e7b00dc7471a3182 .special-heading-inner-border{\nborder-color:#ffffff;\n}\n.av-special-heading.av-jgs0mnr3-88e9c7a041321488e7b00dc7471a3182 .av-subheading{\nfont-size:25px;\n}\n\n@media only screen and (min-width: 480px) and (max-width: 767px){ \n#top #wrap_all .av-special-heading.av-jgs0mnr3-88e9c7a041321488e7b00dc7471a3182 .av-special-heading-tag{\nfont-size:0.8em;\n}\n}\n\n@media only screen and (max-width: 479px){ \n#top #wrap_all .av-special-heading.av-jgs0mnr3-88e9c7a041321488e7b00dc7471a3182 .av-special-heading-tag{\nfont-size:0.8em;\n}\n}\n<\/style>\n<div  class='av-special-heading av-jgs0mnr3-88e9c7a041321488e7b00dc7471a3182 av-special-heading-h3 custom-color-heading blockquote modern-quote modern-centered  avia-builder-el-2  avia-builder-el-no-sibling  av-inherit-size'><h3 class='av-special-heading-tag '  itemprop=\"headline\"  >Proyectos<\/h3><div class=\"special-heading-border\"><div class=\"special-heading-inner-border\"><\/div><\/div><\/div><\/div>\n\n<\/div><\/div><\/main><!-- close content main element --><\/div><\/div><\/div><div id='av_section_2'  class='avia-section av-qet8u-23-8350fd2d84426145cb5215aa2dda3e3d main_color avia-section-huge avia-no-border-styling  avia-builder-el-3  el_after_av_section  el_before_av_section  avia-bg-style-scroll container_wrap fullsize'  ><div class='container av-section-cont-open' ><div class='template-page content  av-content-full alpha units'><div class='post-entry post-entry-type-page post-entry-878'><div class='entry-content-wrapper clearfix'>\n<div class='flex_column_table av-9wkhy-27-5b6569c83add7101b2ce356985d61478 sc-av_one_third av-equal-height-column-flextable'>\n<style type=\"text\/css\" data-created_by=\"avia_inline_auto\" id=\"style-css-av-9wkhy-27-5b6569c83add7101b2ce356985d61478\">\n#top .flex_column_table.av-equal-height-column-flextable.av-9wkhy-27-5b6569c83add7101b2ce356985d61478{\nmargin-top:0px;\nmargin-bottom:70px;\n}\n.flex_column.av-9wkhy-27-5b6569c83add7101b2ce356985d61478{\nborder-radius:3px 3px 3px 3px;\npadding:40px 40px 40px 40px;\nbackground-color:#094978;\nbackground:linear-gradient( to top right, #094978, #105e96 );\n}\n<\/style>\n<div  class='flex_column av-9wkhy-27-5b6569c83add7101b2ce356985d61478 av_one_third  avia-builder-el-4  el_before_av_two_third  avia-builder-el-first  first flex_column_table_cell av-equal-height-column av-align-middle av-animated-generic left-to-right  '     ><p>\n<style type=\"text\/css\" data-created_by=\"avia_inline_auto\" id=\"style-css-av-157taw-79bae3cc786c986d7ed4f75ee9553769\">\n#top .av-special-heading.av-157taw-79bae3cc786c986d7ed4f75ee9553769{\nmargin:25px 0 0 0;\npadding-bottom:10px;\ncolor:#ffffff;\n}\nbody .av-special-heading.av-157taw-79bae3cc786c986d7ed4f75ee9553769 .av-special-heading-tag .heading-char{\nfont-size:25px;\n}\n.av-special-heading.av-157taw-79bae3cc786c986d7ed4f75ee9553769 .special-heading-inner-border{\nborder-color:#ffffff;\n}\n.av-special-heading.av-157taw-79bae3cc786c986d7ed4f75ee9553769 .av-subheading{\nfont-size:15px;\n}\n<\/style>\n<div  class='av-special-heading av-157taw-79bae3cc786c986d7ed4f75ee9553769 av-special-heading-h2 custom-color-heading blockquote modern-quote modern-centered  avia-builder-el-5  el_before_av_textblock  avia-builder-el-first '><h2 class='av-special-heading-tag '  itemprop=\"headline\"  >Buenos Aires, Argentina<\/h2><div class=\"special-heading-border\"><div class=\"special-heading-inner-border\"><\/div><\/div><\/div><br \/>\n\n<style type=\"text\/css\" data-created_by=\"avia_inline_auto\" id=\"style-css-av-jgds8wgh-30-0024de978777cac787fd973842a25473\">\n#top .av_textblock_section.av-jgds8wgh-30-0024de978777cac787fd973842a25473 .avia_textblock{\ncolor:#ffffff;\n}\n<\/style>\n<section  class='av_textblock_section av-jgds8wgh-30-0024de978777cac787fd973842a25473 '   itemscope=\"itemscope\" itemtype=\"https:\/\/schema.org\/CreativeWork\" ><div class='avia_textblock av_inherit_color'  itemprop=\"text\" ><p style=\"text-align: center;\">En la ciudad de Buenos Aires, en el Polo de la Innovaci\u00f3n<\/p>\n<\/div><\/section><br \/>\n\n<style type=\"text\/css\" data-created_by=\"avia_inline_auto\" id=\"style-css-av-jgf4q5kq-25-f47634936c05cca5bc984d2c57db9985\">\n#top .hr.hr-invisible.av-jgf4q5kq-25-f47634936c05cca5bc984d2c57db9985{\nheight:20px;\n}\n<\/style>\n<div  class='hr av-jgf4q5kq-25-f47634936c05cca5bc984d2c57db9985 hr-invisible  avia-builder-el-7  el_after_av_textblock  avia-builder-el-last '><span class='hr-inner '><span class=\"hr-inner-style\"><\/span><\/span><\/div><\/p><\/div><div class='av-flex-placeholder'><\/div>\n<style type=\"text\/css\" data-created_by=\"avia_inline_auto\" id=\"style-css-av-9wkhy-21-05410cf1e332bd3baaa0970788a0a1a8\">\n#top .flex_column_table.av-equal-height-column-flextable.av-9wkhy-21-05410cf1e332bd3baaa0970788a0a1a8{\nmargin-top:0px;\nmargin-bottom:70px;\n}\n.flex_column.av-9wkhy-21-05410cf1e332bd3baaa0970788a0a1a8{\nborder-radius:3px 3px 3px 3px;\npadding:40px 40px 40px 40px;\nbackground-color:#f7f7f7;\n}\n<\/style>\n<div  class='flex_column av-9wkhy-21-05410cf1e332bd3baaa0970788a0a1a8 av_two_third  avia-builder-el-8  el_after_av_one_third  el_before_av_two_third  flex_column_table_cell av-equal-height-column av-align-middle av-animated-generic left-to-right  '     ><p>\n<style type=\"text\/css\" data-created_by=\"avia_inline_auto\" id=\"style-css-av-x5394-dce4b88c49540e70f40f0053f8754119\">\n#top .av-special-heading.av-x5394-dce4b88c49540e70f40f0053f8754119{\nmargin:25px 0 0 0;\npadding-bottom:10px;\n}\nbody .av-special-heading.av-x5394-dce4b88c49540e70f40f0053f8754119 .av-special-heading-tag .heading-char{\nfont-size:25px;\n}\n.av-special-heading.av-x5394-dce4b88c49540e70f40f0053f8754119 .av-subheading{\nfont-size:15px;\n}\n<\/style>\n<div  class='av-special-heading av-x5394-dce4b88c49540e70f40f0053f8754119 av-special-heading-h2 blockquote modern-quote  avia-builder-el-9  el_before_av_textblock  avia-builder-el-first '><h2 class='av-special-heading-tag '  itemprop=\"headline\"  >El desarrollo&#8230;<\/h2><div class=\"special-heading-border\"><div class=\"special-heading-inner-border\"><\/div><\/div><\/div><br \/>\n<section  class='av_textblock_section av-jgrx3l5f-24-4e622c7fa607ba45516704f7e059e7ce '   itemscope=\"itemscope\" itemtype=\"https:\/\/schema.org\/CreativeWork\" ><div class='avia_textblock'  itemprop=\"text\" ><p>Este desarrollo\u00a0esta\u0301 ubicado en un punto nodal de vi\u0301as de acceso, con excelentes medios transporte, gran variedad gastrono\u0301mica, diversas actividades culturales y una amplia oferta comercial, creando una experiencia cosmopolita e inigualable.<\/p>\n<blockquote>\n<div class=\"page\" title=\"Page 5\">\n<div class=\"section\">\n<div class=\"layoutArea\">\n<div class=\"column\">\n<p>Nanai Luxury Senior Living plantea una alianza age-friendly, moderna y tecnolo\u0301gica que permitira\u0301 una i\u0301ntima conexio\u0301n y sinergia con el resto de los emprendimientos del Parque.<\/p>\n<\/div>\n<\/div>\n<\/div>\n<\/div>\n<\/blockquote>\n<div class=\"page\" title=\"Page 5\">\n<div class=\"section\">\n<div class=\"layoutArea\">\n<div class=\"column\">\n<p>El barrio ma\u0301s moderno y pujante de la Ciudad, con una extensio\u0301n de 18 hecta\u0301reas, 7 de las cuales son espacios pu\u0301blicos y verdes para uso recreativo con 16 nuevas plazas y 6 a\u0301reas de prioridad peatonal.<\/p>\n<\/div>\n<\/div>\n<\/div>\n<\/div>\n<div class=\"page\" title=\"Page 4\">\n<div class=\"section\">\n<div class=\"layoutArea\">\n<div class=\"column\">\n<\/div>\n<\/div>\n<\/div>\n<\/div>\n<\/div><\/section><\/p><\/div><\/div><!--close column table wrapper. Autoclose: 1 --><div class='flex_column_table av-9wkhy-16-1154186fc3666dede96b3536b97478c9 sc-av_two_third av-equal-height-column-flextable'>\n<style type=\"text\/css\" data-created_by=\"avia_inline_auto\" id=\"style-css-av-9wkhy-16-1154186fc3666dede96b3536b97478c9\">\n#top .flex_column_table.av-equal-height-column-flextable.av-9wkhy-16-1154186fc3666dede96b3536b97478c9{\nmargin-top:0px;\nmargin-bottom:70px;\n}\n.flex_column.av-9wkhy-16-1154186fc3666dede96b3536b97478c9{\nborder-radius:3px 3px 3px 3px;\npadding:40px 40px 40px 40px;\nbackground-color:#f7f7f7;\n}\n<\/style>\n<div  class='flex_column av-9wkhy-16-1154186fc3666dede96b3536b97478c9 av_two_third  avia-builder-el-11  el_after_av_two_third  el_before_av_one_third  first flex_column_table_cell av-equal-height-column av-align-middle av-animated-generic left-to-right  column-top-margin'     ><p>\n<style type=\"text\/css\" data-created_by=\"avia_inline_auto\" id=\"style-css-av-ogoc8-aec4f33edf2eb10d599e3b231fa99305\">\n#top .av-special-heading.av-ogoc8-aec4f33edf2eb10d599e3b231fa99305{\nmargin:25px 0 0 0;\npadding-bottom:10px;\n}\nbody .av-special-heading.av-ogoc8-aec4f33edf2eb10d599e3b231fa99305 .av-special-heading-tag .heading-char{\nfont-size:25px;\n}\n.av-special-heading.av-ogoc8-aec4f33edf2eb10d599e3b231fa99305 .av-subheading{\nfont-size:15px;\n}\n<\/style>\n<div  class='av-special-heading av-ogoc8-aec4f33edf2eb10d599e3b231fa99305 av-special-heading-h2 blockquote modern-quote  avia-builder-el-12  el_before_av_textblock  avia-builder-el-first '><h2 class='av-special-heading-tag '  itemprop=\"headline\"  >El desarrollo&#8230;<\/h2><div class=\"special-heading-border\"><div class=\"special-heading-inner-border\"><\/div><\/div><\/div><br \/>\n<section  class='av_textblock_section av-jgrx3l5f-13-f8987e7aada8f6626f2d0f38e9c8c7de '   itemscope=\"itemscope\" itemtype=\"https:\/\/schema.org\/CreativeWork\" ><div class='avia_textblock'  itemprop=\"text\" ><p>Junto a uno de los grupos m\u00e1s grandes de la Ciudad de C\u00f3rdoba cuando en salud se piensa, estamos desarrollando un proyecto a la vera de la Av. de la Circunvalaci\u00f3n, para dar lugar a un \u00e1rea para el Adulto Mayor junto a un nuevo desarrollo hospitalario que tienen en carpeta.<\/p>\n<blockquote>\n<p>Su originalidad es que ha sido pensado desde su nacimiento como una unidad t\u00e9cnica entre Salud y Vivienda<\/p>\n<\/blockquote>\n<\/div><\/section><\/p><\/div><div class='av-flex-placeholder'><\/div>\n<style type=\"text\/css\" data-created_by=\"avia_inline_auto\" id=\"style-css-av-9wkhy-12-f57b285f281d7efc18d4e7bbc66115b3\">\n#top .flex_column_table.av-equal-height-column-flextable.av-9wkhy-12-f57b285f281d7efc18d4e7bbc66115b3{\nmargin-top:0px;\nmargin-bottom:70px;\n}\n.flex_column.av-9wkhy-12-f57b285f281d7efc18d4e7bbc66115b3{\nborder-radius:3px 3px 3px 3px;\npadding:40px 40px 40px 40px;\nbackground-color:#094978;\nbackground:linear-gradient( to top right, #094978, #105e96 );\n}\n<\/style>\n<div  class='flex_column av-9wkhy-12-f57b285f281d7efc18d4e7bbc66115b3 av_one_third  avia-builder-el-14  el_after_av_two_third  el_before_av_one_third  flex_column_table_cell av-equal-height-column av-align-middle av-animated-generic left-to-right  column-top-margin'     ><p>\n<style type=\"text\/css\" data-created_by=\"avia_inline_auto\" id=\"style-css-av-nhwso-db352c8e2d7403a6e1f0dda98eb61f24\">\n#top .av-special-heading.av-nhwso-db352c8e2d7403a6e1f0dda98eb61f24{\nmargin:25px 0 0 0;\npadding-bottom:10px;\ncolor:#ffffff;\n}\nbody .av-special-heading.av-nhwso-db352c8e2d7403a6e1f0dda98eb61f24 .av-special-heading-tag .heading-char{\nfont-size:25px;\n}\n.av-special-heading.av-nhwso-db352c8e2d7403a6e1f0dda98eb61f24 .special-heading-inner-border{\nborder-color:#ffffff;\n}\n.av-special-heading.av-nhwso-db352c8e2d7403a6e1f0dda98eb61f24 .av-subheading{\nfont-size:15px;\n}\n<\/style>\n<div  class='av-special-heading av-nhwso-db352c8e2d7403a6e1f0dda98eb61f24 av-special-heading-h2 custom-color-heading blockquote modern-quote modern-centered  avia-builder-el-15  el_before_av_hr  avia-builder-el-first '><h2 class='av-special-heading-tag '  itemprop=\"headline\"  >C\u00f3rdoba, Argentina<\/h2><div class=\"special-heading-border\"><div class=\"special-heading-inner-border\"><\/div><\/div><\/div><br \/>\n\n<style type=\"text\/css\" data-created_by=\"avia_inline_auto\" id=\"style-css-av-jgf4q5kq-10-de49f67e5e4360cde4a51f74591ad364\">\n#top .hr.hr-invisible.av-jgf4q5kq-10-de49f67e5e4360cde4a51f74591ad364{\nheight:20px;\n}\n<\/style>\n<div  class='hr av-jgf4q5kq-10-de49f67e5e4360cde4a51f74591ad364 hr-invisible  avia-builder-el-16  el_after_av_heading  avia-builder-el-last '><span class='hr-inner '><span class=\"hr-inner-style\"><\/span><\/span><\/div><\/p><\/div><\/div><!--close column table wrapper. Autoclose: 1 --><div class='flex_column_table av-9wkhy-8-f0f69dfaba9e4a8f3cb4d16bedaaf037 sc-av_one_third av-equal-height-column-flextable'>\n<style type=\"text\/css\" data-created_by=\"avia_inline_auto\" id=\"style-css-av-9wkhy-8-f0f69dfaba9e4a8f3cb4d16bedaaf037\">\n#top .flex_column_table.av-equal-height-column-flextable.av-9wkhy-8-f0f69dfaba9e4a8f3cb4d16bedaaf037{\nmargin-top:0px;\nmargin-bottom:0px;\n}\n.flex_column.av-9wkhy-8-f0f69dfaba9e4a8f3cb4d16bedaaf037{\nborder-radius:3px 3px 3px 3px;\npadding:40px 40px 40px 40px;\nbackground-color:#094978;\nbackground:linear-gradient( to top right, #094978, #105e96 );\n}\n<\/style>\n<div  class='flex_column av-9wkhy-8-f0f69dfaba9e4a8f3cb4d16bedaaf037 av_one_third  avia-builder-el-17  el_after_av_one_third  el_before_av_two_third  first flex_column_table_cell av-equal-height-column av-align-middle av-animated-generic left-to-right  column-top-margin'     ><p>\n<style type=\"text\/css\" data-created_by=\"avia_inline_auto\" id=\"style-css-av-f2bs8-a2c76aa468eff37560c25b9626cd177c\">\n#top .av-special-heading.av-f2bs8-a2c76aa468eff37560c25b9626cd177c{\nmargin:25px 0 0 0;\npadding-bottom:10px;\ncolor:#ffffff;\n}\nbody .av-special-heading.av-f2bs8-a2c76aa468eff37560c25b9626cd177c .av-special-heading-tag .heading-char{\nfont-size:25px;\n}\n.av-special-heading.av-f2bs8-a2c76aa468eff37560c25b9626cd177c .special-heading-inner-border{\nborder-color:#ffffff;\n}\n.av-special-heading.av-f2bs8-a2c76aa468eff37560c25b9626cd177c .av-subheading{\nfont-size:15px;\n}\n<\/style>\n<div  class='av-special-heading av-f2bs8-a2c76aa468eff37560c25b9626cd177c av-special-heading-h2 custom-color-heading blockquote modern-quote modern-centered  avia-builder-el-18  el_before_av_hr  avia-builder-el-first '><h2 class='av-special-heading-tag '  itemprop=\"headline\"  >Santa Cruz de la Sierra, Bolivia <\/h2><div class=\"special-heading-border\"><div class=\"special-heading-inner-border\"><\/div><\/div><\/div><br \/>\n\n<style type=\"text\/css\" data-created_by=\"avia_inline_auto\" id=\"style-css-av-jgf4q5kq-5-2f98cc083512c29af92fd9fe17c2ed16\">\n#top .hr.hr-invisible.av-jgf4q5kq-5-2f98cc083512c29af92fd9fe17c2ed16{\nheight:20px;\n}\n<\/style>\n<div  class='hr av-jgf4q5kq-5-2f98cc083512c29af92fd9fe17c2ed16 hr-invisible  avia-builder-el-19  el_after_av_heading  avia-builder-el-last '><span class='hr-inner '><span class=\"hr-inner-style\"><\/span><\/span><\/div><\/p><\/div><div class='av-flex-placeholder'><\/div>\n<style type=\"text\/css\" data-created_by=\"avia_inline_auto\" id=\"style-css-av-9wkhy-3-5ba190f4de6fda0762e5ebd14329d4ec\">\n#top .flex_column_table.av-equal-height-column-flextable.av-9wkhy-3-5ba190f4de6fda0762e5ebd14329d4ec{\nmargin-top:0px;\nmargin-bottom:0px;\n}\n.flex_column.av-9wkhy-3-5ba190f4de6fda0762e5ebd14329d4ec{\nborder-radius:3px 3px 3px 3px;\npadding:40px 40px 40px 40px;\nbackground-color:#f7f7f7;\n}\n<\/style>\n<div  class='flex_column av-9wkhy-3-5ba190f4de6fda0762e5ebd14329d4ec av_two_third  avia-builder-el-20  el_after_av_one_third  avia-builder-el-last  flex_column_table_cell av-equal-height-column av-align-middle av-animated-generic left-to-right  column-top-margin'     ><p>\n<style type=\"text\/css\" data-created_by=\"avia_inline_auto\" id=\"style-css-av-brjjs-63fb8177715fb85339108081952f2c0d\">\n#top .av-special-heading.av-brjjs-63fb8177715fb85339108081952f2c0d{\nmargin:25px 0 0 0;\npadding-bottom:10px;\n}\nbody .av-special-heading.av-brjjs-63fb8177715fb85339108081952f2c0d .av-special-heading-tag .heading-char{\nfont-size:25px;\n}\n.av-special-heading.av-brjjs-63fb8177715fb85339108081952f2c0d .av-subheading{\nfont-size:15px;\n}\n<\/style>\n<div  class='av-special-heading av-brjjs-63fb8177715fb85339108081952f2c0d av-special-heading-h2 blockquote modern-quote  avia-builder-el-21  el_before_av_textblock  avia-builder-el-first '><h2 class='av-special-heading-tag '  itemprop=\"headline\"  >El desarrollo&#8230;<\/h2><div class=\"special-heading-border\"><div class=\"special-heading-inner-border\"><\/div><\/div><\/div><br \/>\n<section  class='av_textblock_section av-jgrx3l5f-9-1567098adcdf2cca6e0e63498fc1f8e4 '   itemscope=\"itemscope\" itemtype=\"https:\/\/schema.org\/CreativeWork\" ><div class='avia_textblock'  itemprop=\"text\" ><p>Llevando el concepto de soluciones habitacionales para el Adulto Mayor a Santa Cruz, estamos trabajando junto a un Partner local con proyecci\u00f3n internacional en compa\u00f1\u00edas de salud, de seguros e inmobiliarios, para ofrecer una respuesta a estos requerimientos.<\/p>\n<\/div><\/section><\/p><\/div><\/div><!--close column table wrapper. Autoclose: 1 --><\/div><\/div><\/div><!-- close content main div --><\/div><\/div>\n<style type=\"text\/css\" data-created_by=\"avia_inline_auto\" id=\"style-css-av-qet8u-56-64391e820c5b5dcfba0c6b5f58bf8c3e\">\n.avia-section.av-qet8u-56-64391e820c5b5dcfba0c6b5f58bf8c3e{\nbackground-color:#094978;\nbackground:linear-gradient( to top right, #094978, #105e96 );\n}\n<\/style>\n<div id='av_section_3'  class='avia-section av-qet8u-56-64391e820c5b5dcfba0c6b5f58bf8c3e main_color avia-section-default avia-no-border-styling  avia-builder-el-23  el_after_av_section  el_before_av_one_third  avia-bg-style-scroll container_wrap fullsize'  ><div class='container av-section-cont-open' ><div class='template-page content  av-content-full alpha units'><div class='post-entry post-entry-type-page post-entry-878'><div class='entry-content-wrapper clearfix'>\n<div class='flex_column_table av-lsyke-2634925810cdf971c2a347148155bd71 sc-av_one_full av-equal-height-column-flextable'>\n<style type=\"text\/css\" data-created_by=\"avia_inline_auto\" id=\"style-css-av-lsyke-2634925810cdf971c2a347148155bd71\">\n.flex_column.av-lsyke-2634925810cdf971c2a347148155bd71{\nborder-radius:0px 0px 0px 0px;\npadding:0px 0px 0px 0px;\n}\n<\/style>\n<div  class='flex_column av-lsyke-2634925810cdf971c2a347148155bd71 av_one_full  avia-builder-el-24  avia-builder-el-no-sibling  first flex_column_table_cell av-equal-height-column av-align-middle av-zero-column-padding  '     ><p>\n<style type=\"text\/css\" data-created_by=\"avia_inline_auto\" id=\"style-css-av-96c1y-de94d49046f0b9e7e204ba0f3278235e\">\n#top .av-special-heading.av-96c1y-de94d49046f0b9e7e204ba0f3278235e{\npadding-bottom:30px;\ncolor:#ffffff;\nfont-size:27px;\n}\nbody .av-special-heading.av-96c1y-de94d49046f0b9e7e204ba0f3278235e .av-special-heading-tag .heading-char{\nfont-size:25px;\n}\n#top #wrap_all .av-special-heading.av-96c1y-de94d49046f0b9e7e204ba0f3278235e .av-special-heading-tag{\nfont-size:27px;\n}\n.av-special-heading.av-96c1y-de94d49046f0b9e7e204ba0f3278235e .special-heading-inner-border{\nborder-color:#ffffff;\n}\n.av-special-heading.av-96c1y-de94d49046f0b9e7e204ba0f3278235e .av-subheading{\nfont-size:15px;\n}\n\n@media only screen and (min-width: 480px) and (max-width: 767px){ \n#top #wrap_all .av-special-heading.av-96c1y-de94d49046f0b9e7e204ba0f3278235e .av-special-heading-tag{\nfont-size:0.8em;\n}\n}\n\n@media only screen and (max-width: 479px){ \n#top #wrap_all .av-special-heading.av-96c1y-de94d49046f0b9e7e204ba0f3278235e .av-special-heading-tag{\nfont-size:0.8em;\n}\n}\n<\/style>\n<div  class='av-special-heading av-96c1y-de94d49046f0b9e7e204ba0f3278235e av-special-heading-h4 custom-color-heading blockquote modern-quote modern-centered  avia-builder-el-25  el_before_av_button  avia-builder-el-first  av-inherit-size'><h4 class='av-special-heading-tag '  itemprop=\"headline\"  >Bienvenidos<\/h4><div class='av_custom_color av-subheading av-subheading_below'><p>Nanai, un lugar para construir momentos inolvidables con familia y amigos<\/p>\n<\/div><div class=\"special-heading-border\"><div class=\"special-heading-inner-border\"><\/div><\/div><\/div><br \/>\n<div  class='avia-button-wrap av-jgf4ovnq-28-73a80a4dc7786d887c6390cb30dbdef7-wrap avia-button-center  avia-builder-el-26  el_after_av_heading  avia-builder-el-last '>\n<style type=\"text\/css\" data-created_by=\"avia_inline_auto\" id=\"style-css-av-jgf4ovnq-28-73a80a4dc7786d887c6390cb30dbdef7\">\n#top #wrap_all .avia-button.av-jgf4ovnq-28-73a80a4dc7786d887c6390cb30dbdef7{\nbackground-color:#ffffff;\nborder-color:#ffffff;\ncolor:#000000;\ntransition:all 0.4s ease-in-out;\n}\n#top #wrap_all .avia-button.av-jgf4ovnq-28-73a80a4dc7786d887c6390cb30dbdef7 .avia-svg-icon svg:first-child{\nfill:#000000;\nstroke:#000000;\n}\n<\/style>\n<a href='https:\/\/www.nanai.living\/index.php\/contactanos\/'  class='avia-button av-jgf4ovnq-28-73a80a4dc7786d887c6390cb30dbdef7 av-link-btn avia-icon_select-no avia-size-large avia-position-center av-icon-on-hover'   aria-label=\"Contactanos\"><span class='avia_iconbox_title' >Contactanos<\/span><\/a><\/div><\/p><\/div><\/div><!--close column table wrapper. Autoclose: 1 -->\n<\/div><\/div><\/div><!-- close content main div --><\/div><\/div><div id='after_section_3'  class='main_color av_default_container_wrap container_wrap fullsize'  ><div class='container av-section-cont-open' ><div class='template-page content  av-content-full alpha units'><div class='post-entry post-entry-type-page post-entry-878'><div class='entry-content-wrapper clearfix'><\/p>\n<div  class='flex_column av-ljrdi-f7fd81fd87c341fe8587d41bfce75750 av_one_third  avia-builder-el-27  el_after_av_section  el_before_av_one_third  avia-builder-el-first  first flex_column_div  '     ><\/div>\n<div  class='flex_column av-1ce6u-c3554b9ee8bb5252887676d4ed19360e av_one_third  avia-builder-el-28  el_after_av_one_third  el_before_av_one_third  flex_column_div  '     ><section  class='av_textblock_section av-m9hn64ij-b1863e39dcd4cf6f7278630bd638cd62 '   itemscope=\"itemscope\" itemtype=\"https:\/\/schema.org\/CreativeWork\" ><div class='avia_textblock'  itemprop=\"text\" ><p style=\"text-align: center;\"><a href=\"https:\/\/www.innovacion3am.com\/\">Nanai.living es un proyecto de 3am<\/a><\/p>\n<\/div><\/section><\/div>\n<div  class='flex_column av-7kwr2-99e2c932e5a3f7901e36f22acaa19225 av_one_third  avia-builder-el-30  el_after_av_one_third  avia-builder-el-last  flex_column_div  '     ><\/div>\n","protected":false},"excerpt":{"rendered":"","protected":false},"author":1,"featured_media":0,"parent":0,"menu_order":0,"comment_status":"closed","ping_status":"closed","template":"","meta":{"footnotes":""},"class_list":["post-878","page","type-page","status-publish","hentry"],"jetpack_sharing_enabled":true,"_links":{"self":[{"href":"https:\/\/www.nanai.living\/index.php\/wp-json\/wp\/v2\/pages\/878","targetHints":{"allow":["GET"]}}],"collection":[{"href":"https:\/\/www.nanai.living\/index.php\/wp-json\/wp\/v2\/pages"}],"about":[{"href":"https:\/\/www.nanai.living\/index.php\/wp-json\/wp\/v2\/types\/page"}],"author":[{"embeddable":true,"href":"https:\/\/www.nanai.living\/index.php\/wp-json\/wp\/v2\/users\/1"}],"replies":[{"embeddable":true,"href":"https:\/\/www.nanai.living\/index.php\/wp-json\/wp\/v2\/comments?post=878"}],"version-history":[{"count":9,"href":"https:\/\/www.nanai.living\/index.php\/wp-json\/wp\/v2\/pages\/878\/revisions"}],"predecessor-version":[{"id":943,"href":"https:\/\/www.nanai.living\/index.php\/wp-json\/wp\/v2\/pages\/878\/revisions\/943"}],"wp:attachment":[{"href":"https:\/\/www.nanai.living\/index.php\/wp-json\/wp\/v2\/media?parent=878"}],"curies":[{"name":"wp","href":"https:\/\/api.w.org\/{rel}","templated":true}]}}